 digit of -635*(-11)/(275/k)?
2
Let n be (-1)/((-3)/(-60)*4). Let t be (1 - 2) + (-2 + 82)/n. Let w = t + 136. What is the hundreds digit of w?
1
Let t(p) = -p**3 + 23*p**2 - 4*p + 42. Let w be t(23). Let y = 151 + w. What is the units digit of y?
1
Let l(k) = k**2 - 12*k - 230. Let a be l(-10). What is the units digit of a/(-50) + (-2159)/(-5)?
2
Suppose 0 = -47*u + 50*u + 2286. Let r = u + 803. What is the tens digit of r?
4
Let g(b) = -11112*b - 2133. What is the ten thousands digit of g(-3)?
3
Let b = 49128 + -35068. What is the tens digit of b?
6
What is the hundreds digit of 818 + 40/(-300) + 62/15?
8
Let x(n) = 1331*n**2 + 18*n - 53. What is the units digit of x(3)?
0
Let c(f) = 70*f - 107. Let i(r) = -69*r + 103. Let k(l) = -4*c(l) - 5*i(l). What is the hundreds digit of k(7)?
3
Let p = -34 + 49. Let g be -4*9/2*(-155)/p. Suppose g - 1082 = -7*x. What is the hundreds digit of x?
1
Let d be 6/(2 + 1)*-1 - -409. Suppose 50*t = 39*t + d. What is the tens digit of t?
3
Let o be 4 - (-4)/(-3 - -1). Let g(d) = 73*d**3 - 3*d + 5. Let l be g(o). Let r = l - 402. What is the units digit of r?
1
Let z = -3406 - -3569. Let j = 105 - 37. Let i = z - j. What is the tens digit of i?
9
Let m be (-518 - 3)/((-1 + 0)/(-1)). Let p = -291 - m. Let x = p + -19. What is the units digit of x?
1
Suppose 0 = 96*k - 109*k + 156286. What is the tens digit of k?
2
Suppose -22296 - 58587 = -19*g. What is the hundreds digit of g?
2
Let j(g) = -3*g**2 + 15*g - 16. Let h be j(3). Suppose h*n = -o + 122, 3*o + 2*o - 2*n = 598. What is the hundreds digit of o?
1
Let j(q) = q**3 - 9*q**2 + 11*q - 11. Suppose 6 = 10*s - 9*s. Let u be j(s). Let t = 90 + u. What is the tens digit of t?
3
Let t(l) = -12 - l + 6*l**3 + 7*l - 7*l**3 - 5*l**2 + 0*l**2. Let k be t(-7). What is the units digit of (-2)/(-11) + 6 + 124/k?
9
Let l(k) = 99*k - 10. Let d be l(-4). Let m = 123 - d. What is the tens digit of m?
2
Suppose -2*s = -2*p + 1232, -3*s = -p + 490 + 128. What is the tens digit of p?
1
Let q = -18 - -14. Let i be (-1)/q + 1827/36. What is the units digit of i/85 - (-207)/5?
2
Suppose 3*v + 42 = 225. Let a = v + -58. Suppose -5*x = -x + 20, -3*x = -a*j + 141. What is the tens digit of j?
4
What is the tens digit of 4642 + 9 + (-11 - -13)?
5
Let k(a) = -2*a**3 + 34*a**2 + 14*a + 5. Let w be k(17). Suppose 5*p - 6620 = 5*b, -3*p + 5*b + 4207 = w. What is the thousands digit of p?
1
Let a = 121845 + -70174. What is the thousands digit of a?
1
Let n(c) be the second derivative of -7*c**4/12 - 23*c**3/3 + c**2/2 + 20*c. Let q(i) be the first derivative of n(i). What is the units digit of q(-10)?
4
Let s(x) be the first derivative of -10*x**2 - 8*x + 17 + 6*x**2 - 50*x. What is the tens digit of s(-17)?
7
Let w = 343 - 376. What is the hundreds digit of (30 + w + -764 + 1)/(-1)?
7
Let q = 51 + -21. Let r = 92 - q. What is the tens digit of r?
6
Let m be 27630/117 + 2/(-13). Suppose m = 3*v - 2*v + 2*h, h = -5*v + 1162. What is the hundreds digit of v?
2
Let r be (-7 - (2 - 5)) + -480. Let q = -226 - r. Let f = -174 + q. What is the tens digit of f?
8
Let o = 263 + 0. Suppose -713 + o = -2*u. Suppose -2*w = -2*d - 3*d - u, -2*d = -2*w + 222. What is the tens digit of w?
1
Suppose 0 = 22*t - 12072 - 285940. What is the hundreds digit of t?
5
Let c(m) = 15*m**2 - 5*m - 272. Let n be c(-12). What is the tens digit of (-1)/((-8)/n)*(2 + 6)?
4
What is the hundreds digit of 3 + (-23019)/(-9) - ((-21)/9 + 4)?
5
Suppose -s - 25 = -5*c - 0*s, -5*s + 7 = -3*c. Suppose 4*w = 4*t + 36, -c*w = -w - 4*t - 48. What is the tens digit of (-11 + w)/(-2*1/(-138))?
6
Let n = -27766 + 45304. What is the hundreds digit of n?
5
Suppose -2*k + 2*t = -33608, 12*k - 10*k - 3*t - 33615 = 0. What is the units digit of k?
7
Suppose -33*g + 140 = 8. Suppose 0 = 2*q + 3*q - 10. Suppose -1 = h - q*t + g*t, 5*h = -5*t. What is the units digit of h?
1
Suppose -4*q - 3*u = -3386 - 4986, 0 = -5*q + 5*u + 10500. What is the units digit of q?
6
Let t = 32 + -16. Suppose 13*z = t*z - 12. Suppose 847 = 5*k + 2*p, 0 = -z*k + k - 5*p + 493. What is the tens digit of k?
7
Let a(v) = -3*v**2 - 6*v - 15. Let o be a(-2). What is the tens digit of o/2*3136/(-48)?
9
Let k(c) = -2113*c - 20077. What is the hundreds digit of k(-47)?
2
Let p be (-25)/5*2/(-2). Suppose 0*j = -p*j + 225. Let x = 181 - j. What is the units digit of x?
6
Suppose -15 = 5*i, -2*i - 46558 = -2*w - 2*w. Suppose 2*x - 558 = -w. What is the units digit of (-6)/21 + x/(-35) + 2?
0
Suppose -2*g - 8678 = -3*f + 6351, 0 = f + 2*g - 5015. What is the units digit of f?
1
Let k(x) = x**2 + 13*x + 15. Let p be k(-12). Let m(j) = 42*j**2 + j. Let s be m(p). What is the hundreds digit of (-3 + s/(-15))/(3/(-15))?
1
Suppose 21722*s - 21805*s = -128816. What is the hundreds digit of s?
5
Let u = -51 - -55. Suppose u = 3*k + k. What is the tens digit of (k + -2)*-73 - -4?
7
Suppose 29*m - 180 = 17*m. What is the tens digit of (1/(9/m))/((-2)/(-294))?
4
Suppose -12*v = -241 - 179. Let a = v - 24. Suppose 0 = -a*h + 4*h + 70. What is the tens digit of h?
1
What is the thousands digit of 39723/5 - (16/(-232) - (-194)/290)?
7
Let b = 4209 - 2826. What is the thousands digit of b?
1
Let h(g) be the third derivative of g**5/12 + 5*g**4/12 - 55*g**3/6 + 157*g**2. What is the hundreds digit of h(-8)?
1
Suppose 2*a = 21 - 15. Suppose -2*v - 491 = -2*d + 249, v = a. What is the units digit of d?
3
Let f(w) = 3*w - 2. Let c be f(-1). Let s(a) = -59*a + 12. What is the hundreds digit of s(c)?
3
Let z(t) = 18*t**3 - 4*t**2 - 2*t + 7. Let s(i) = 2*i**2. Let v(n) = -3*s(n) - z(n). What is the tens digit of v(-3)?
5
Let d = -34 - -36. Let q(j) = j - 1. Let l be q(d). What is the units digit of l - -44 - (-3 + 1)?
7
Suppose 216857 = 25*z - 98168. What is the ten thousands digit of z?
1
Suppose 2*j = -275*u + 278*u + 60851, 4*j + 2*u = 121726. What is the hundreds digit of j?
4
Suppose 2*l + 41 - 3 = 0. Let v = l - -18. Let s = 118 + v. What is the tens digit of s?
1
Let x(r) = -3*r - 54. Let l be x(-22). Let i = 117 + l. Let n = i + -31. What is the units digit of n?
8
Let t(s) = -2*s**2 + 6. Let h(o) = 2*o**2 - 7. Let j(c) = -2*h(c) - 3*t(c). Let i be j(-2). What is the tens digit of (i - -27 - 0)*(1 + 0)?
3
Suppose 4*q + 23205 - 75834 = 3*w, 4*q = -w + 52633. What is the tens digit of q?
5
Let m = -251 + 119. What is the tens digit of (-2874)/(-5)*1 - m/660?
7
Let q = -590 - -593. Suppose 19 - 10 = q*t, h - t = 972. What is the tens digit of h?
7
What is the tens digit of (372077/38)/(7/14) + -7?
7
Let o(m) = 42*m**2 - 15*m + 15. Suppose q = -3*u - 2, 5*u + 7 - 4 = -2*q. What is the tens digit of o(q)?
4
Let z be ((-79904)/(-33))/(2/3). Suppose 3*w = -4*g + 5564, 4*g + 5*w - 1932 = z. What is the thousands digit of g?
1
Let p(w) = -w**3 + 2*w**2 + 6. Let t be p(3). What is the units digit of ((-4017)/78)/(-2 - t/2)?
3
Let u(s) be the second derivative of 3/20*s**5 - 1/2*s**4 + 1/3*s**3 + 0 - s**2 - 9*s. What is the tens digit of u(4)?
0
Let z(b) = 19*b**2 + 97*b + 1436. What is the thousands digit of z(-32)?
7
Let k be -4 + 0/(0 + -2). Let p(x) = 6*x**2 - 28*x. Let c be p(k). Suppose 9*h + c = 10*h. What is the hundreds digit of h?
2
Suppose 6539 + 10786 = 5*p. What is the tens digit of p?
6
Suppose 89*w - 1385808 = -422472. What is the thousands digit of w?
0
Suppose -2*m - 5*c + 31 = 0, -42*c + 30 = 3*m - 40*c. What is the units digit of 14558/14 - (275/35 - m)?
0
Suppose -41*w = -32*w + 30*w - 462150. What is the thousands digit of w?
1
Let c be (1128/9 - 4)*(-12)/8. Let h = 339 + c. What is the hundreds digit of h?
1
Suppose 71262 = 474*n - 363*n. What is the tens digit of n?
4
Let a(b) = -30*b - 66. Let r be a(-6). Suppose -r*q = -111*q - 129. What is the tens digit of q?
4
Suppose f = -0 + 6. Suppose 0 = -f*h + 2*h + 704. Suppose -9*g + 7*g = -h. What is the tens digit of g?
8
Suppose -2*a + 5 = l, 5*a - 9 - 7 = l. What is the units digit of 1155795/1015 + a/((-21)/(-2))?
9
Let i(y) = -2*y**3 + y**2 - 2*y + 3. Let d be i(2). Let v = -8 - d. Suppose 0*j - 22 = -2*j - v*k, j - 5*k = 11. What is the units digit of j?
1
Let t(c) = -2*c - 6. Let m be t(-3). Suppose m = 33*h - 32*h - 54. What is the units digit of h?
4
Let h = -16507 + 17696. What is the units digit of h?
9
Suppose -